9*1*12/g?
2
Let m be ((-7)/(70/8))/(16/(-32520)). Suppose 0 = 18*g - 24*g + m. What is the tens digit of g?
7
Suppose 149 + 21 = -10*c. Let h(i) = 3*i + 54. Let t be h(c). Suppose n + t*n = 172. What is the tens digit of n?
4
Suppose 4*u = 3689 + 11188 + 9247. What is the hundreds digit of u?
0
Suppose -297*i = -323*i + 67418. What is the units digit of i?
3
Let x = -14546 - -22118. What is the units digit of x?
2
Suppose 5*j + 3*j - 121057 = 84871. What is the hundreds digit of j?
7
Suppose 4*h - 4*m - 74476 + 13668 = 0, 3*h + 5*m = 45582. What is the tens digit of h?
9
Let h = -230 + 228. What is the hundreds digit of 16/48*h/((-4)/1758)?
2
Suppose -360*n + 135440 = -340*n. What is the tens digit of n?
7
Suppose -2*n + 9*n = -7*n. Suppose 2*l + g - 206 = n, -1 = -2*g - 9. What is the units digit of l?
5
Suppose 0*j + 15*j - 14339 = -4844. What is the tens digit of j?
3
Let k(v) = -8*v**2 + v**3 + 16*v - 3*v - 2*v**2 - 55 + 5*v**2 + 4*v**2. What is the tens digit of k(7)?
3
Let v(x) = -x - 14. Let w be v(-8). Let z(g) = 22*g - 20. Let y(h) = 3*h + 2. Let i(t) = y(t) - z(t). What is the hundreds digit of i(w)?
1
Suppose -163*s = -263*s - 191*s + 1172439. What is the units digit of s?
9
Let u = 42475 - 26779. What is the hundreds digit of u?
6
Suppose 5*v - 460900 = -46*v + v. What is the thousands digit of v?
9
Let y(s) = -6*s**2 + 418*s - 61. What is the units digit of y(49)?
5
Let l(s) = -383*s**3 + 4*s**2 + 237*s + 701. What is the hundreds digit of l(-3)?
3
Let s be (-6)/(500/(-128) - -4). Let w = -61 - s. Suppose 2*z - 5*z - 240 = -5*r, w*r = -z + 144. What is the units digit of r?
8
Let q(m) = -m**3 - 84*m**2 - 233*m + 166. What is the tens digit of q(-82)?
2
What is the thousands digit of 14 + -11 + -5 + 129630/5?
5
Suppose -3*d - 219606 = -3*x, -4*d + 146416 = x + x. What is the tens digit of x?
0
Suppose -20 = -3*p - 23. Let k be (-3 + -198)*p + 3. Let n = k + -83. What is the hundreds digit of n?
1
Let c = 5 - -5. Let j = -122 + 140. Suppose -344 = c*k - j*k. What is the tens digit of k?
4
Suppose 0 = 6*f + 3*f - 36. Suppose -3*n = f*o + n - 4, 0 = 4*o - 2*n - 22. Suppose -3*u - 144 = -4*w, -o*u = 15 + 1. What is the units digit of w?
3
What is the ten thousands digit of -7556*(4 - 3)/((-3)/18*2)?
2
Let f = 3 + 0. Suppose -f*s = -3*w + 12, 0*s + 3*s = 2*w - 10. What is the tens digit of 2/((s/(-14))/(2 + 5))?
9
Let b(l) = -3*l**3 + 24*l**2 + 5. Let i be b(8). Suppose i*p + 0*p + 1905 = 0. Let a = p - -563. What is the units digit of a?
2
Suppose p - 125635 = 17*k - 19*k, 0 = -4*p - 20. What is the units digit of k?
0
Let n = -147 - -218. Let c = 84 + n. Let d = c + -43. What is the units digit of d?
2
Suppose 36 = -9*z + 10*z. Suppose 0 = 22*s - 20*s - z. What is the tens digit of (((-60)/s)/5)/(1/(-93))?
6
Let i = 67818 - 24872. What is the tens digit of i?
4
Let g = 28 - 24. Suppose -2*q - 7 = -3, -2*k = g*q + 24. What is the units digit of (k/16)/(1/(-166))?
3
Suppose 0 = 4*r + 6*m - 208016, 208*r - 205*r = -5*m + 156008. What is the tens digit of r?
1
Suppose 33731 = 2*i + 3*b - 3216, i + 4*b = 18461. What is the units digit of i?
1
Let h = 111 + -219. Suppose -5*i = -74 - 131. Let j = i - h. What is the units digit of j?
9
Suppose -4*g - 5*s = -g - 24, 5*s = 5*g. Suppose g*w - 4*i - 509 = 0, -2*w + 336 = -3*i + i. What is the hundreds digit of w?
1
Suppose -9*p - 8274 = -2*m - 8*p, p + 12410 = 3*m. Let x = m - 2247. What is the hundreds digit of x?
8
Suppose 0 = 5*w + 25, -4*z = w + 48 - 11. What is the hundreds digit of -34*((-71)/2 - z)?
9
Let q = -7815 - -21388. What is the ten thousands digit of q?
1
Suppose 137 = 7*k - 45. Suppose -34*u = -k*u - 2632. What is the hundreds digit of u?
3
Suppose 0 = 628*g - 627*g - 390. Suppose 4*q - g = 474. What is the hundreds digit of q?
2
Suppose -74 - 136 = -7*i. Suppose -7*t = 12 + i. What is the tens digit of (t/(-4))/(7/224)?
4
Let m(d) = 399*d**2 - 12*d - 27. Let w(b) = 9*b + 151. Let n be w(-17). What is the units digit of m(n)?
3
Suppose -3*a + 53796 = 5*t, -12*t - 4*a + 141091 = 11971. What is the ten thousands digit of t?
1
Suppose -5*o = -4*i + 48, o = -2*i - 4 + 14. Suppose z = 4*j + 116, 10*j - i*j = -3*z + 273. What is the units digit of z?
6
Let h be 102/30 - (-12)/20. Suppose -j = 3*j + h*j. Suppose j = -4*w - w + 135. What is the units digit of w?
7
Suppose -2*k + 4*v = 2408, 1763 = -5*k + 2*v - 4233. Let b = k - -1881. What is the tens digit of b?
8
Suppose 501 = 3*k - 10*p + 15*p, 0 = 2*k + p - 334. Suppose i = k + 5. What is the tens digit of i?
7
Let p = 7026 - 533. What is the tens digit of p?
9
Let u(f) = -44*f**3 - 3*f + 2. Let x be u(1). Let r = 41 + x. What is the tens digit of 4 + (4 - (-29 + r))?
4
Suppose -4*a - j - 255 = -a, -4*a - 341 = j. Let t = a + 204. Let d = t + -45. What is the units digit of d?
3
Let h(i) = -i**3 - 4*i**2 - 5*i - 1. Let l be h(-4). Let c = l + -14. Suppose -c*w = v - 184, -v - 9*w + 181 = -5*w. What is the hundreds digit of v?
1
Let l = -96916 + 140012. What is the units digit of l?
6
Let a(z) = -2*z - 5. Let v be a(4). Let x be -1*((-2)/v + 480/260). What is the hundreds digit of 2 + x - -1 - -115?
1
Let z = -2490 - -20150. What is the tens digit of z?
6
What is the thousands digit of (295/(-4))/((286/(-2600))/11)?
7
Suppose -1058130 - 1774489 = -36*v - 283063. What is the hundreds digit of v?
8
Let r(z) = 700*z - 2145. What is the hundreds digit of r(28)?
4
Let c(l) = 609*l**2 + l. Let p be 3*-1*21/(-63). What is the hundreds digit of c(p)?
6
Suppose 401*l + 13107 = y + 405*l, 2*y - 26230 = -4*l. What is the units digit of y?
3
Suppose -27*c + 85680 = -11*c. What is the thousands digit of c?
5
Suppose 7*a = 10*a + 180. Let o = a - -255. What is the tens digit of o?
9
Let f be (44 - 49) + 1/(2/(-6)). Let g(t) = -85*t - 156. What is the tens digit of g(f)?
2
Let l be (-185)/(-35) - (-4)/(-14). Let c(t) = -7*t + 25. Let r be c(3). Suppose r*h - 963 = -l*h. What is the hundreds digit of h?
1
Let w(t) = 5*t**2 - 15*t + 11. Let x be w(5). Let p = x + -57. Suppose -576 = -12*a + p*a. What is the units digit of a?
2
Suppose 17*y = 86 + 50. Suppose 81 = y*u - 1887. What is the hundreds digit of u?
2
Let c = -2159 + 4574. What is the thousands digit of c?
2
Let y(n) = -n**3 - 5*n**2 - 7*n - 25. Let c be y(-5). Suppose 5*z = t - 154, -c = -z + 6*z. What is the hundreds digit of t?
1
Let d(u) = -14*u + 17. Let v be d(-6). Let a = 103 - v. What is the units digit of a + (404/6)/((-20)/(-30))?
3
Let l = -4923 + 9300. What is the units digit of l?
7
Let b(q) = -117*q + 138. Let n = 358 + -365. What is the tens digit of b(n)?
5
Let g be 846*(8 - 4) - (2 - -2). Suppose 8*i - g = -5*i. What is the hundreds digit of i?
2
Suppose -p + 10 - 35 = 4*u, -3*p - 30 = 3*u. Let d(t) = -149*t + 17. What is the tens digit of d(u)?
6
Let u = 2280 - 521. Let s = u - 1030. What is the units digit of s?
9
Suppose -4*z + n + 21816 = 0, 2*z + 4*n + 4960 = 15886. What is the thousands digit of z?
5
Let q(f) = 25*f**2 - 11*f + 44. Let w be q(-12). Let m = -2118 + w. What is the hundreds digit of m?
6
Let l(c) = -332*c + 233. What is the hundreds digit of l(-33)?
1
Suppose v + 2290 - 15424 - 12561 = 0. What is the units digit of v?
5
Suppose 5*y - 103 = 27. Let f = y + -30. What is the tens digit of (f - 0 - 0) + 69?
6
Let p = 157 + -87. Suppose -25*r - p = -23*r. What is the units digit of r/2*(-2 + 0)?
5
Suppose 0 = 10*o - 52 - 48. Suppose -o*t + 3*t = -2478. What is the tens digit of t?
5
Let o = -66 + 118. Suppose 5*x - 7*x - 31 = 3*v, -x - v = 18. Let k = x + o. What is the units digit of k?
9
Suppose -2*k - 33 + 101 = 0. Suppose -2*g - 14 = k. What is the tens digit of 354/8 + 6/g?
4
Let r(s) = 0 + 3*s**2 - 11*s + 2*s**3 + 3 + 0 + 8*s. Let q be r(-3). What is the tens digit of (-4)/(-10) - 264/q?
1
Let j(y) = -16*y**3 + 2*y**2 - 1. Let t(f) = f**3 + 6*f**2 + 4*f - 6. Suppose 3*x = 6*x + 15. Let n be t(x). What is the units digit of j(n)?
7
Let s(b) = -99*b**3 + 5*b**2 + 22*b + 50. What is the hundreds digit of s(-4)?
3
Suppose -6 = -5*v + 4*m, -5*v - 6*m + 12 = -4*m. Suppose 0 = -31*i + 43*i - 1164. Suppose -v*s + i - 3 = 0. What is the tens digit of s?
4
Let b be 1 + -2 + -7 + 18. Suppose -b*c + 4*c = -1920. Suppose -4*p + c = -2*a, -3*p + 3*a = 4*a - 250. W